{"id":146,"date":"2024-01-05T11:20:23","date_gmt":"2024-01-05T15:20:23","guid":{"rendered":"https:\/\/bombazoinformativo.com\/?page_id=146"},"modified":"2024-01-10T10:55:40","modified_gmt":"2024-01-10T14:55:40","slug":"economia","status":"publish","type":"page","link":"https:\/\/bombazoinformativo.com\/index.php\/economia\/","title":{"rendered":"Econom\u00eda"},"content":{"rendered":"\n<div class=\"wp-block-query is-layout-flow wp-block-query-is-layout-flow\"><ul class=\"wp-block-post-template is-layout-flow wp-block-post-template-is-layout-flow\"><li class=\"wp-block-post post-7350 post type-post status-publish format-standard has-post-thumbnail hentry category-economia tag-expomango tag-exportacion tag-feria-del-mango tag-mango\">\n\n<div class=\"wp-block-columns alignwide is-layout-flex wp-container-core-columns-is-layout-9d6595d7 wp-block-columns-is-layout-flex\">\n<div class=\"wp-block-column is-layout-flow wp-block-column-is-layout-flow\" style=\"flex-basis:66.66%\"><figure class=\"wp-block-post-featured-image\"><a href=\"https:\/\/bombazoinformativo.com\/index.php\/2026\/05\/12\/la-industria-del-mango-en-rd-crece-y-se-expande-a-nivel-internacional-en-2025-se-exporto-mas-de-34-millones\/\" target=\"_self\"  ><img decoding=\"async\" width=\"960\" height=\"1280\" src=\"https:\/\/bombazoinformativo.com\/wp-content\/uploads\/2026\/05\/WhatsApp-Image-2026-05-12-at-1.30.23-PM.jpeg\" class=\"attachment-post-thumbnail size-post-thumbnail wp-post-image\" alt=\"La industria del mango en RD crece y se expande a nivel internacional; en 2025 se export\u00f3 m\u00e1s de 34 millones\" style=\"object-fit:cover;\" srcset=\"https:\/\/bombazoinformativo.com\/wp-content\/uploads\/2026\/05\/WhatsApp-Image-2026-05-12-at-1.30.23-PM.jpeg 960w, https:\/\/bombazoinformativo.com\/wp-content\/uploads\/2026\/05\/WhatsApp-Image-2026-05-12-at-1.30.23-PM-225x300.jpeg 225w, https:\/\/bombazoinformativo.com\/wp-content\/uploads\/2026\/05\/WhatsApp-Image-2026-05-12-at-1.30.23-PM-768x1024.jpeg 768w\" sizes=\"(max-width: 960px) 100vw, 960px\" \/><\/a><\/figure><\/div>\n\n\n\n<div class=\"wp-block-column is-layout-flow wp-block-column-is-layout-flow\" style=\"flex-basis:33.33%\"><h2 class=\"wp-block-post-title\"><a href=\"https:\/\/bombazoinformativo.com\/index.php\/2026\/05\/12\/la-industria-del-mango-en-rd-crece-y-se-expande-a-nivel-internacional-en-2025-se-exporto-mas-de-34-millones\/\" target=\"_self\" >La industria del mango en RD crece y se expande a nivel internacional; en 2025 se export\u00f3 m\u00e1s de 34 millones<\/a><\/h2>\n\n<div class=\"wp-block-post-excerpt\"><p class=\"wp-block-post-excerpt__excerpt\">La industria del mango dominicano ha experimentado un crecimiento sostenido durante los \u00faltimos 20 a\u00f1os, reflejado tanto en el aumento de las \u00e1reas de cultivo como en el crecimiento de las exportaciones. La asociatividad de los productores y el respaldo de instituciones p\u00fablicas y privadas han sido determinantes para impulsar la producci\u00f3n y comercializaci\u00f3n del&#8230; <\/p><\/div><\/div>\n<\/div>\n\n<\/li><li class=\"wp-block-post post-7344 post type-post status-publish format-standard has-post-thumbnail hentry category-economia tag-banco-central tag-crecen tag-remesas\">\n\n<div class=\"wp-block-columns alignwide is-layout-flex wp-container-core-columns-is-layout-9d6595d7 wp-block-columns-is-layout-flex\">\n<div class=\"wp-block-column is-layout-flow wp-block-column-is-layout-flow\" style=\"flex-basis:66.66%\"><figure class=\"wp-block-post-featured-image\"><a href=\"https:\/\/bombazoinformativo.com\/index.php\/2026\/05\/12\/remesas-a-rd-crecen-un-4-1-hasta-abril-y-superan-los-usd-4079-9-millones-segun-el-banco-central\/\" target=\"_self\"  ><img decoding=\"async\" width=\"1200\" height=\"675\" src=\"https:\/\/bombazoinformativo.com\/wp-content\/uploads\/2026\/05\/6911f35bd0b62.jpeg\" class=\"attachment-post-thumbnail size-post-thumbnail wp-post-image\" alt=\"Remesas a RD crecen un 4.1 % hasta abril y superan los USD 4,079.9 millones, seg\u00fan el Banco Central\" style=\"object-fit:cover;\" srcset=\"https:\/\/bombazoinformativo.com\/wp-content\/uploads\/2026\/05\/6911f35bd0b62.jpeg 1200w, https:\/\/bombazoinformativo.com\/wp-content\/uploads\/2026\/05\/6911f35bd0b62-300x169.jpeg 300w, https:\/\/bombazoinformativo.com\/wp-content\/uploads\/2026\/05\/6911f35bd0b62-1024x576.jpeg 1024w, https:\/\/bombazoinformativo.com\/wp-content\/uploads\/2026\/05\/6911f35bd0b62-768x432.jpeg 768w\" sizes=\"(max-width: 1200px) 100vw, 1200px\" \/><\/a><\/figure><\/div>\n\n\n\n<div class=\"wp-block-column is-layout-flow wp-block-column-is-layout-flow\" style=\"flex-basis:33.33%\"><h2 class=\"wp-block-post-title\"><a href=\"https:\/\/bombazoinformativo.com\/index.php\/2026\/05\/12\/remesas-a-rd-crecen-un-4-1-hasta-abril-y-superan-los-usd-4079-9-millones-segun-el-banco-central\/\" target=\"_self\" >Remesas a RD crecen un 4.1 % hasta abril y superan los USD 4,079.9 millones, seg\u00fan el Banco Central<\/a><\/h2>\n\n<div class=\"wp-block-post-excerpt\"><p class=\"wp-block-post-excerpt__excerpt\">Rep\u00fablica Dominicana recibe USD 4,079.9 millones en remesas entre enero y abril de 2026, seg\u00fan el Banco Central. Las\u00a0remesas enviadas a Rep\u00fablica Dominicana\u00a0entre enero y abril de 2026 alcanzaron\u00a0USD 4,079.9 millones, seg\u00fan inform\u00f3 el\u00a0Banco Central de la Rep\u00fablica Dominicana (BCRD). Esta cifra representa un aumento del&nbsp;4.1 %&nbsp;en comparaci\u00f3n con el mismo periodo del a\u00f1o anterior&#8230;. <\/p><\/div><\/div>\n<\/div>\n\n<\/li><li class=\"wp-block-post post-7308 post type-post status-publish format-standard has-post-thumbnail hentry category-economia tag-dgii tag-facturacion-electronica\">\n\n<div class=\"wp-block-columns alignwide is-layout-flex wp-container-core-columns-is-layout-9d6595d7 wp-block-columns-is-layout-flex\">\n<div class=\"wp-block-column is-layout-flow wp-block-column-is-layout-flow\" style=\"flex-basis:66.66%\"><figure class=\"wp-block-post-featured-image\"><a href=\"https:\/\/bombazoinformativo.com\/index.php\/2026\/05\/06\/dgii-otorga-prorroga-de-seis-meses-para-la-implementacion-de-facturacion-electronica\/\" target=\"_self\"  ><img decoding=\"async\" width=\"824\" height=\"504\" src=\"https:\/\/bombazoinformativo.com\/wp-content\/uploads\/2025\/05\/01-09-2020-DGII-extiende-medidas-de-desgravacion-para-proteger-a-sectores-productivos-2.jpg\" class=\"attachment-post-thumbnail size-post-thumbnail wp-post-image\" alt=\"DGII otorga pr\u00f3rroga de seis meses para la implementaci\u00f3n de Facturaci\u00f3n Electr\u00f3nica\" style=\"object-fit:cover;\" srcset=\"https:\/\/bombazoinformativo.com\/wp-content\/uploads\/2025\/05\/01-09-2020-DGII-extiende-medidas-de-desgravacion-para-proteger-a-sectores-productivos-2.jpg 824w, https:\/\/bombazoinformativo.com\/wp-content\/uploads\/2025\/05\/01-09-2020-DGII-extiende-medidas-de-desgravacion-para-proteger-a-sectores-productivos-2-300x183.jpg 300w, https:\/\/bombazoinformativo.com\/wp-content\/uploads\/2025\/05\/01-09-2020-DGII-extiende-medidas-de-desgravacion-para-proteger-a-sectores-productivos-2-768x470.jpg 768w\" sizes=\"(max-width: 824px) 100vw, 824px\" \/><\/a><\/figure><\/div>\n\n\n\n<div class=\"wp-block-column is-layout-flow wp-block-column-is-layout-flow\" style=\"flex-basis:33.33%\"><h2 class=\"wp-block-post-title\"><a href=\"https:\/\/bombazoinformativo.com\/index.php\/2026\/05\/06\/dgii-otorga-prorroga-de-seis-meses-para-la-implementacion-de-facturacion-electronica\/\" target=\"_self\" >DGII otorga pr\u00f3rroga de seis meses para la implementaci\u00f3n de Facturaci\u00f3n Electr\u00f3nica<\/a><\/h2>\n\n<div class=\"wp-block-post-excerpt\"><p class=\"wp-block-post-excerpt__excerpt\">SANTO DOMINGO.-La Direcci\u00f3n General de Impuestos Internos (DGII) inform\u00f3 que ha dispuesto una pr\u00f3rroga administrativa de car\u00e1cter excepcional y generalizada por un per\u00edodo de seis meses, a partir del 15 de mayo del 2026, para que las Micro, Peque\u00f1as y Medianas Empresas y contribuyentes no clasificados completen la implementaci\u00f3n de la Facturaci\u00f3n Electr\u00f3nica. La instituci\u00f3n&#8230; <\/p><\/div><\/div>\n<\/div>\n\n<\/li><\/ul><\/div>\n","protected":false},"excerpt":{"rendered":"","protected":false},"author":1,"featured_media":0,"parent":0,"menu_order":0,"comment_status":"closed","ping_status":"closed","template":"","meta":{"footnotes":""},"class_list":["post-146","page","type-page","status-publish","hentry"],"yoast_head":"<!-- This site is optimized with the Yoast SEO plugin v27.6 - https:\/\/yoast.com\/product\/yoast-seo-wordpress\/ -->\n<title>Econom\u00eda - Bombazo Informativo<\/title>\n<meta name=\"robots\" content=\"index, follow, max-snippet:-1, max-image-preview:large, max-video-preview:-1\" \/>\n<link rel=\"canonical\" href=\"https:\/\/bombazoinformativo.com\/index.php\/economia\/\" \/>\n<meta property=\"og:locale\" content=\"es_ES\" \/>\n<meta property=\"og:type\" content=\"article\" \/>\n<meta property=\"og:title\" content=\"Econom\u00eda - Bombazo Informativo\" \/>\n<meta property=\"og:url\" content=\"https:\/\/bombazoinformativo.com\/index.php\/economia\/\" \/>\n<meta property=\"og:site_name\" content=\"Bombazo Informativo\" \/>\n<meta property=\"article:modified_time\" content=\"2024-01-10T14:55:40+00:00\" \/>\n<meta name=\"twitter:card\" content=\"summary_large_image\" \/>\n<script type=\"application\/ld+json\" class=\"yoast-schema-graph\">{\"@context\":\"https:\\\/\\\/schema.org\",\"@graph\":[{\"@type\":\"WebPage\",\"@id\":\"https:\\\/\\\/bombazoinformativo.com\\\/index.php\\\/economia\\\/\",\"url\":\"https:\\\/\\\/bombazoinformativo.com\\\/index.php\\\/economia\\\/\",\"name\":\"Econom\u00eda - Bombazo Informativo\",\"isPartOf\":{\"@id\":\"https:\\\/\\\/bombazoinformativo.com\\\/#website\"},\"datePublished\":\"2024-01-05T15:20:23+00:00\",\"dateModified\":\"2024-01-10T14:55:40+00:00\",\"breadcrumb\":{\"@id\":\"https:\\\/\\\/bombazoinformativo.com\\\/index.php\\\/economia\\\/#breadcrumb\"},\"inLanguage\":\"es-DO\",\"potentialAction\":[{\"@type\":\"ReadAction\",\"target\":[\"https:\\\/\\\/bombazoinformativo.com\\\/index.php\\\/economia\\\/\"]}]},{\"@type\":\"BreadcrumbList\",\"@id\":\"https:\\\/\\\/bombazoinformativo.com\\\/index.php\\\/economia\\\/#breadcrumb\",\"itemListElement\":[{\"@type\":\"ListItem\",\"position\":1,\"name\":\"Home\",\"item\":\"https:\\\/\\\/bombazoinformativo.com\\\/\"},{\"@type\":\"ListItem\",\"position\":2,\"name\":\"Econom\u00eda\"}]},{\"@type\":\"WebSite\",\"@id\":\"https:\\\/\\\/bombazoinformativo.com\\\/#website\",\"url\":\"https:\\\/\\\/bombazoinformativo.com\\\/\",\"name\":\"Bombazo Informativo\",\"description\":\"En el Bombazo Informativo tenemos el objetivo de brindarte informaciones veraces, con claridad y objetividad.\",\"publisher\":{\"@id\":\"https:\\\/\\\/bombazoinformativo.com\\\/#organization\"},\"potentialAction\":[{\"@type\":\"SearchAction\",\"target\":{\"@type\":\"EntryPoint\",\"urlTemplate\":\"https:\\\/\\\/bombazoinformativo.com\\\/?s={search_term_string}\"},\"query-input\":{\"@type\":\"PropertyValueSpecification\",\"valueRequired\":true,\"valueName\":\"search_term_string\"}}],\"inLanguage\":\"es-DO\"},{\"@type\":\"Organization\",\"@id\":\"https:\\\/\\\/bombazoinformativo.com\\\/#organization\",\"name\":\"Bombazo Informativo\",\"url\":\"https:\\\/\\\/bombazoinformativo.com\\\/\",\"logo\":{\"@type\":\"ImageObject\",\"inLanguage\":\"es-DO\",\"@id\":\"https:\\\/\\\/bombazoinformativo.com\\\/#\\\/schema\\\/logo\\\/image\\\/\",\"url\":\"https:\\\/\\\/bombazoinformativo.com\\\/wp-content\\\/uploads\\\/2024\\\/11\\\/cropped-WhatsApp-Image-2024-11-29-at-12.01.48-PM.jpeg\",\"contentUrl\":\"https:\\\/\\\/bombazoinformativo.com\\\/wp-content\\\/uploads\\\/2024\\\/11\\\/cropped-WhatsApp-Image-2024-11-29-at-12.01.48-PM.jpeg\",\"width\":1599,\"height\":315,\"caption\":\"Bombazo Informativo\"},\"image\":{\"@id\":\"https:\\\/\\\/bombazoinformativo.com\\\/#\\\/schema\\\/logo\\\/image\\\/\"}}]}<\/script>\n<!-- \/ Yoast SEO plugin. -->","yoast_head_json":{"title":"Econom\u00eda - Bombazo Informativo","robots":{"index":"index","follow":"follow","max-snippet":"max-snippet:-1","max-image-preview":"max-image-preview:large","max-video-preview":"max-video-preview:-1"},"canonical":"https:\/\/bombazoinformativo.com\/index.php\/economia\/","og_locale":"es_ES","og_type":"article","og_title":"Econom\u00eda - Bombazo Informativo","og_url":"https:\/\/bombazoinformativo.com\/index.php\/economia\/","og_site_name":"Bombazo Informativo","article_modified_time":"2024-01-10T14:55:40+00:00","twitter_card":"summary_large_image","schema":{"@context":"https:\/\/schema.org","@graph":[{"@type":"WebPage","@id":"https:\/\/bombazoinformativo.com\/index.php\/economia\/","url":"https:\/\/bombazoinformativo.com\/index.php\/economia\/","name":"Econom\u00eda - Bombazo Informativo","isPartOf":{"@id":"https:\/\/bombazoinformativo.com\/#website"},"datePublished":"2024-01-05T15:20:23+00:00","dateModified":"2024-01-10T14:55:40+00:00","breadcrumb":{"@id":"https:\/\/bombazoinformativo.com\/index.php\/economia\/#breadcrumb"},"inLanguage":"es-DO","potentialAction":[{"@type":"ReadAction","target":["https:\/\/bombazoinformativo.com\/index.php\/economia\/"]}]},{"@type":"BreadcrumbList","@id":"https:\/\/bombazoinformativo.com\/index.php\/economia\/#breadcrumb","itemListElement":[{"@type":"ListItem","position":1,"name":"Home","item":"https:\/\/bombazoinformativo.com\/"},{"@type":"ListItem","position":2,"name":"Econom\u00eda"}]},{"@type":"WebSite","@id":"https:\/\/bombazoinformativo.com\/#website","url":"https:\/\/bombazoinformativo.com\/","name":"Bombazo Informativo","description":"En el Bombazo Informativo tenemos el objetivo de brindarte informaciones veraces, con claridad y objetividad.","publisher":{"@id":"https:\/\/bombazoinformativo.com\/#organization"},"potentialAction":[{"@type":"SearchAction","target":{"@type":"EntryPoint","urlTemplate":"https:\/\/bombazoinformativo.com\/?s={search_term_string}"},"query-input":{"@type":"PropertyValueSpecification","valueRequired":true,"valueName":"search_term_string"}}],"inLanguage":"es-DO"},{"@type":"Organization","@id":"https:\/\/bombazoinformativo.com\/#organization","name":"Bombazo Informativo","url":"https:\/\/bombazoinformativo.com\/","logo":{"@type":"ImageObject","inLanguage":"es-DO","@id":"https:\/\/bombazoinformativo.com\/#\/schema\/logo\/image\/","url":"https:\/\/bombazoinformativo.com\/wp-content\/uploads\/2024\/11\/cropped-WhatsApp-Image-2024-11-29-at-12.01.48-PM.jpeg","contentUrl":"https:\/\/bombazoinformativo.com\/wp-content\/uploads\/2024\/11\/cropped-WhatsApp-Image-2024-11-29-at-12.01.48-PM.jpeg","width":1599,"height":315,"caption":"Bombazo Informativo"},"image":{"@id":"https:\/\/bombazoinformativo.com\/#\/schema\/logo\/image\/"}}]}},"jetpack_sharing_enabled":true,"_links":{"self":[{"href":"https:\/\/bombazoinformativo.com\/index.php\/wp-json\/wp\/v2\/pages\/146","targetHints":{"allow":["GET"]}}],"collection":[{"href":"https:\/\/bombazoinformativo.com\/index.php\/wp-json\/wp\/v2\/pages"}],"about":[{"href":"https:\/\/bombazoinformativo.com\/index.php\/wp-json\/wp\/v2\/types\/page"}],"author":[{"embeddable":true,"href":"https:\/\/bombazoinformativo.com\/index.php\/wp-json\/wp\/v2\/users\/1"}],"replies":[{"embeddable":true,"href":"https:\/\/bombazoinformativo.com\/index.php\/wp-json\/wp\/v2\/comments?post=146"}],"version-history":[{"count":3,"href":"https:\/\/bombazoinformativo.com\/index.php\/wp-json\/wp\/v2\/pages\/146\/revisions"}],"predecessor-version":[{"id":239,"href":"https:\/\/bombazoinformativo.com\/index.php\/wp-json\/wp\/v2\/pages\/146\/revisions\/239"}],"wp:attachment":[{"href":"https:\/\/bombazoinformativo.com\/index.php\/wp-json\/wp\/v2\/media?parent=146"}],"curies":[{"name":"wp","href":"https:\/\/api.w.org\/{rel}","templated":true}]}}